 = -y**3 - 89*y**2 - 51*y - 850. What is the remainder when o(-89) is divided by 26?
23
Suppose -128 = -4*s - o - 0*o, 64 = 2*s + o. What is the remainder when 126 is divided by s?
30
Suppose 0 = -4*j - j + 3*u + 626, 250 = 2*j - u. Let l = -13 + 53. Calculate the remainder when j is divided by l - 3*((-16)/(-12))/(-2).
40
Suppose -465 = -5*s + 10. Suppose -5054 = -52*v + 14*v. Let o = v - s. Calculate the remainder when o is divided by 14.
10
Let o(n) = -n**2 - 4*n - 20. Let g be o(-8). Let y = 34 + g. Let k = y - -46. What is the remainder when 55 is divided by k?
27
Calculate the remainder when 1177 is divided by 1176 + (-3)/(-3) - (34 + (-174)/6).
5
Suppose 1059 + 321 = 15*g. Calculate the remainder when 733 is divided by g.
89
Suppose -p - 5*m = -135, 0 = -4*p + m + 11 + 424. What is the remainder when p is divided by 61?
49
Let y = 96 + 86. Suppose 283 = 3*l - 5*t + 43, -2*l - 4*t + y = 0. Calculate the remainder when l is divided by 45.
40
Let h(q) = 2*q**2 + 76*q + 1030. Calculate the remainder when h(-31) is divided by 125.
96
Let c = -45 - -81. Let k(h) = -h**3 - 14*h**2 + 17*h + 30. Let p be k(-15). Calculate the remainder when c is divided by p + 0 + -3 + 16.
10
Let l(k) = k**3 + 5*k**2 + 2. Suppose j = 4 - 9. Let s be l(j). Suppose -4*t - s*g + 0 = -26, 2*g + 10 = 0. What is the remainder when t is divided by 6?
3
Let c = -421 - -467. Calculate the remainder when c is divided by 3.
1
Suppose -391*o = -3*p - 387*o + 81, -2*o = 3*p - 81. Calculate the remainder when 177 is divided by p.
15
Let x be 4*-1 - (-24)/(1 + 2). Suppose x*i - 75 = 5*r, 4*r - 8 + 50 = 2*i. Let u = -4 - -8. Calculate the remainder when i is divided by u.
3
Let y(q) = 18*q**3 - 2*q + q**2 - 22 - q + 10*q + 11 - 16. Calculate the remainder when y(3) is divided by 26.
21
Suppose -2*k - h + 1320 = 0, 111 = 6*k + 2*h - 3857. What is the remainder when k is divided by 7?
6
Suppose 2*w - 7*w = g - 322, -4*g - 2*w + 1216 = 0. Suppose s = 3*p - g, 3*p + 41*s - 40*s - 304 = 0. What is the remainder when p is divided by 55?
46
Suppose -2*l = l + 15. Let q = 791 + -782. What is the remainder when q is divided by ((-4)/l)/(4/20)?
1
Let w(z) = -2*z - 26. Let o be w(-19). Suppose 3*u - 111 = -3*s, -2*s = -8 + o. What is the remainder when 148 is divided by u?
31
Let h be (-15)/(150/(-1688)) + (-4)/5. Let n = h - 161. What is the remainder when 25 is divided by n?
4
Let y(v) = -16 - 12*v + 10 + 8. Suppose 3*g - 10 - 6 = -2*d, 0 = -5*d - 5*g + 50. What is the remainder when y(-2) is divided by d?
12
Suppose -23*x + 1440 = 5*x + 17*x. Calculate the remainder when 502 is divided by x.
22
Let y(c) = -c**3 + 16*c**2 + 19*c + 38. Let k be y(17). Suppose -b = -5*b + k. Calculate the remainder when 124 is divided by b.
16
Suppose -5*j + 2*j + 420 = 0. Let o be 18*(j/15)/7. Let g = 35 - o. What is the remainder when 53 is divided by g?
9
Let d = 218 + -114. Suppose -12529*a = -12605*a + 2736. What is the remainder when d is divided by a?
32
Let o = 4877 - 808. Suppose 8*f + 5*f = o. What is the remainder when f is divided by 35?
33
Let g(f) = 7*f**2 - 29*f + 24. Calculate the remainder when 1148 is divided by g(9).
158
Let o = -161 + 163. Suppose 2*h + o*s - 246 = 0, -19*h - 349 = -22*h + 2*s. What is the remainder when h is divided by 61?
58
Calculate the remainder when 70 is divided by 1 + -4 + -4 + 7 - -17.
2
Let s = -2949 - -3142. What is the remainder when s is divided by 61?
10
What is the remainder when 418860/990 - 1/11 is divided by 211?
1
Suppose r - u - 149 = 0, -703 = -5*r + 63*u - 64*u. Calculate the remainder when 9229 is divided by r.
141
Let z = -1376 - -1425. What is the remainder when z is divided by 23?
3
Let t(l) = -3*l**2 + 168*l - 1638. Calculate the remainder when 2961 is divided by t(43).
36
Suppose 12 = -3*l, -3*u - 109 = -2*l - 468. Calculate the remainder when 252 is divided by u.
18
Let m(y) = y**2 + 19*y + 26. Let p be m(-18). Let s(c) = -9 - 6 + p*c + c**2 - 8*c + 7*c. What is the remainder when 7 is divided by s(-9)?
1
Let w(f) = 2*f**3 - 24*f**2 - 15*f - 11. Let j(x) = -x**3 + 11*x**2 + 7*x + 5. Let r(p) = -9*j(p) - 4*w(p). What is the remainder when r(7) is divided by 18?
12
Suppose 5*w - 5*v - 1415 = 0, -v + 207 = 209. What is the remainder when 1702 is divided by w?
16
Let t = -57 - -122. Let h(a) = a - 10. Let w be h(16). Suppose 5*d - 77 = -4*x, 0 = -w*d + 4*d + 5*x + 44. Calculate the remainder when t is divided by d.
14
What is the remainder when -1 + 24 - (-3089 + 40) is divided by 220?
212
Calculate the remainder when -6 + (2/(-3))/(-15 + (-135986)/(-9066)) is divided by 373.
13
Suppose -44*f + 109*f = 23010. Calculate the remainder when f is divided by 233.
121
Let o(d) = d**2 + 9*d - 1. Let m be o(-9). What is the remainder when -4 + (-7 - m - -19) is divided by 1?
0
Let y = 2018 + -1955. Calculate the remainder when 1368 is divided by y.
45
Suppose 16*v + 4*q = 17*v - 831, -5*v = 2*q - 4133. What is the remainder when v is divided by 9?
8
Let g = 37 - 13. Let w(c) = 55*c**2 + 22*c + 33. Let b(k) = 28*k**2 + 11*k + 16. Let i(y) = 9*b(y) - 4*w(y). Calculate the remainder when i(-2) is divided by g.
22
Suppose 0*g = -3*g + 186. Let u = 11368 - 11125. Calculate the remainder when u is divided by g.
57
Let q = -584 - -965. What is the remainder when (-6)/15 - q/45*-3 is divided by 20?
5
Suppose -2 - 10 = -2*u. Let o = 1295 + -1255. What is the remainder when (-3)/6 + 1665/u is divided by o?
37
Suppose -447 = 9*i + 300. Let k = 22 - i. Calculate the remainder when (k/(-14))/(3*-1)*32 is divided by 41.
39
Suppose -143*d = 227*d - 409590. What is the remainder when d is divided by 264?
51
Let i(m) = 7*m**2 - 2*m - 4. Let g be i(-2). Let y = 60 + 27. Suppose -y + g = -z. Calculate the remainder when 114 is divided by z.
55
Let u(j) = -4*j**3 - 5*j**2 + 2*j + 3. Let y be -3*42/36*12/21. What is the remainder when 208 is divided by u(y)?
10
Let y be 351/4 - (-3)/12. Suppose -2*u + 5*r = -57, -3*r = -5*r - 10. Suppose -u*p = -5*p - y. What is the remainder when 27 is divided by p?
3
Let b(r) = -r**2 - 14*r - 40. Let p be b(-5). Calculate the remainder when (-3)/p + (-2941)/(-85) is divided by 10.
4
Calculate the remainder when 355 is divided by ((-828)/60 - -14)*130.
17
Let n = 5 - -4. Let k(t) = -t**3 - 9*t**2. Let c be k(-9). Suppose c = 4*h - 7*h + 180. What is the remainder when h is divided by n?
6
Suppose 0 = 3*h - 2*q - 1579, 0*h + 2*h - 2*q - 1050 = 0. Let b = h - -58. What is the remainder when b is divided by 12?
11
Let f(m) = m**3 - 7*m**2 - 17*m - 12. Let c(t) = 2*t - 1. Let z(x) = 4*c(x) + f(x). What is the remainder when 389 is divided by z(9)?
64
Suppose -404*d = -22516 - 18692. What is the remainder when 674 is divided by d?
62
Let m = 161 + -295. Let y = m + 146. Calculate the remainder when 67 is divided by y.
7
Suppose 95*a = 99*a + 16. Let n = 30 + -16. Calculate the remainder when 8/16*(a - -58) is divided by n.
13
Suppose -3 - 1 = a, -17 = -3*y - a. Suppose y*h - 11*h + 4 = 0, 5*q = 4*h + 156. Calculate the remainder when 159 is divided by q.
31
Let z(b) = -b**2 - 3*b + 15. Calculate the remainder when ((-1)/3 - 0)*-114 is divided by z(0).
8
Suppose 5*w - 445 = 5*t, 0 = -5*w - 5*t + 2*t + 437. Suppose -p + w = -70. What is the remainder when p is divided by 16?
14
Let c be (-53)/1 - 3/(1 - 2). Let w be -2 + 3 - 6*c/4. Let b = w + -56. Calculate the remainder when b is divided by 3.
2
Suppose m - 4 = 2*i, -6*i = 5*m - 3*i - 33. Let a be (42/24 + -3)*-52. Suppose a = -g + m*g. What is the remainder when 62 is divided by g?
10
Suppose -3*y = 3*c + 240, 23 + 57 = -c + 3*y. Let h = c - -76. What is the remainder when 28 is divided by 5 + 13 + h + 4/2?
12
Let x = -34972 + 35149. What is the remainder when 535 is divided by x?
4
What is the remainder when (5 + (-300)/(-24))/((-1)/(-2)) is divided by 13?
9
Let q = 9 - -66. Let o = 511 - 286. Let x = 241 - o. What is the remainder when q is divided by x?
11
Suppose 0 = a - 2*d + 5*d - 111, 4*d - 112 = -a. What is the remainder when a is divided by 22?
20
Let p = -3290 + 3790. What is the remainder when p is divided by 59?
28
Let p(w) = -10*w**2 - 17*w - 30. Let g(t) = -8*t**2 - 16*t - 29. Let c(l) = 6*g(l) - 5*p(l). Calculate the remainder when 46 is divided by c(8).
14
Suppose 0 = 69*